n(13).
-852
Let i(n) = -15*n**2 - 2161*n + 2164. Determine i(1).
-12
Let s(m) = m**2 - 2201*m + 1067089. Calculate s(1480).
9
Let a(n) = -n**3 - 52*n**2 - 311*n - 328. Determine a(-45).
-508
Let b(c) = -1182*c + 18187. Determine b(15).
457
Let w(o) = -4*o**3 - 21*o**2 + 992*o - 8. Give w(0).
-8
Let r(i) = -9*i**3 + 10*i**2 - 48*i + 16. What is r(5)?
-1099
Let q(g) = -1989*g**3 + 7*g**2 + 18*g + 18. Calculate q(-1).
1996
Let g(s) = 571*s - 11314. Determine g(20).
106
Let b(r) = -12275*r + 24606. Give b(2).
56
Let p(d) = 1300*d - 7797. Calculate p(6).
3
Let z(b) = b**2 - 4*b - 1676. What is z(-38)?
-80
Let v(j) = -43*j**2 - 5967*j + 18275. Give v(3).
-13
Let j(q) = q**3 - 616*q**2 - 2446*q - 21117. Determine j(620).
-37
Let z(m) = -71485*m - 429099. Give z(-6).
-189
Let b(r) = -r**3 - 22*r**2 + 355*r + 7881. Give b(-20).
-19
Let d(c) = -c**3 - 9*c**2 + 5477*c + 60006. What is d(-11)?
1
Let t(r) = 31*r**2 + 50356*r + 19474. Give t(-1624).
-14
Let z(p) = -p**2 + 132320*p + 661637. Give z(-5).
12
Let j(y) = -107020*y + 963186. Give j(9).
6
Let s(c) = -65677*c + 262714. What is s(4)?
6
Let b(n) = n**3 + 7*n**2 + 1018*n + 4046. Determine b(-4).
22
Let o(c) = -231*c**2 - 3957*c - 73. Give o(-18).
-3691
Let o(n) = 12016*n + 769030. What is o(-64)?
6
Let f(j) = 2*j**3 - 23*j**2 - j - 4. Calculate f(10).
-314
Let v(l) = -234*l**2 + 2192*l - 4375. Determine v(2).
-927
Let c(p) = 39223*p + 11727674. Calculate c(-299).
-3
Let u(v) = -v**3 - 21*v**2 - 34*v - 13. Calculate u(-11).
-849
Let l(s) = 18*s**2 - 542*s + 458. Give l(39).
6698
Let n(y) = 9695*y - 678619. Determine n(70).
31
Let z(l) = 155*l - 13947. Give z(85).
-772
Let g(j) = 11598*j + 429199. Give g(-37).
73
Let z(d) = -d**3 - 114*d**2 + 2679*d - 64634. Calculate z(-137).
30
Let q(r) = -10*r**2 - 28574*r + 171805. Determine q(6).
1
Let i(w) = -8024*w - 39029. Give i(-5).
1091
Let z(i) = 37*i**2 - 1963*i - 13689. Calculate z(-7).
1865
Let s(f) = f**3 - 174*f - 191. Give s(13).
-256
Let a(t) = 5791*t + 231631. What is a(-40)?
-9
Let w(j) = -j**3 + 16*j**2 - 455*j + 3077. Determine w(7).
333
Let s(r) = -13*r**2 + 254*r + 1950. Give s(-8).
-914
Let x(j) = -j**3 + 20*j**2 + 321. Calculate x(21).
-120
Let n(m) = -84*m**2 + 438*m + 1713. Determine n(-4).
-1383
Let u(z) = 3*z**3 + 403*z**2 - 3640*z - 115622. What is u(-141)?
-2
Let r(z) = z**2 - 118*z + 1009. Give r(10).
-71
Let c(q) = -12863*q - 12840. What is c(-1)?
23
Let n(q) = 12011*q - 72065. Give n(6).
1
Let a(v) = -1293*v + 7705. Give a(6).
-53
Let v(b) = 37744*b + 7775268. Determine v(-206).
4
Let q(y) = y**3 + 14*y**2 - 1388*y - 8647. Calculate q(-6).
-31
Let w(v) = 7258*v + 28230. Calculate w(-4).
-802
Let y(l) = 2092422*l - 6277260. Determine y(3).
6
Let g(u) = -17660*u + 52972. Calculate g(3).
-8
Let q(a) = a**2 + 293*a - 7895. Give q(25).
55
Let l(h) = h**3 - 661*h**2 - 7405*h + 7972. What is l(672)?
-764
Let j(d) = -d**2 - 812*d - 28696. Calculate j(-37).
-21
Let q(v) = -2*v**3 + v**2 - 717*v + 2850. Give q(4).
-130
Let x(b) = -b**3 + 20*b**2 + 22*b + 489. Give x(22).
5
Let t(h) = 217*h**2 - 12586*h - 11. Determine t(58).
-11
Let y(g) = -1416959*g - 12752629. Give y(-9).
2
Let x(n) = -18*n**2 - 354*n - 8. Give x(-19).
220
Let w(p) = -p**3 + 203*p**2 + 1898*p - 44319. What is w(211)?
-9
Let u(w) = -2728*w**2 + 51827*w + 101. What is u(19)?
6
Let j(n) = 168268*n + 841337. Give j(-5).
-3
Let m(j) = -158*j + 4279. What is m(34)?
-1093
Let s(h) = -4*h**2 - 322*h - 176. Calculate s(-81).
-338
Let m(g) = g**3 - 162*g**2 + 529*g - 8789. Calculate m(159).
-521
Let p(u) = u**3 - 2*u**2 - 376*u - 1043. Calculate p(-3).
40
Let f(u) = -7*u**2 + 172*u - 1304. Give f(10).
-284
Let v(o) = 39511*o + 790219. Give v(-20).
-1
Let n(t) = 12*t**2 - 5497*t + 33004. Calculate n(452).
8
Let g(x) = -x**3 + 332*x**2 - 976*x + 104317. What is g(330)?
37
Let n(w) = -25*w**2 + 1881*w - 242. Calculate n(75).
208
Let t(x) = -72*x + 3136. What is t(25)?
1336
Let s(f) = f**2 - 1577*f - 165919. Determine s(-99).
5
Let q(b) = -2940741*b - 2940734. What is q(-1)?
7
Let b(x) = 93*x + 17438. Give b(-204).
-1534
Let s(i) = 332719*i + 998183. Calculate s(-3).
26
Let j(w) = 5*w**2 + 438*w + 709. Give j(-86).
21
Let k(t) = -831*t + 212302. Determine k(254).
1228
Let c(m) = 2*m**2 + 94*m - 5197. Calculate c(33).
83
Let u(n) = -2351*n + 117404. Give u(50).
-146
Let a(g) = -2*g**2 + 1741*g + 308520. Calculate a(-151).
27
Let b(j) = 25*j**3 - 629*j**2 + 68*j + 809. Determine b(25).
9
Let j(z) = 15563*z - 62269. Determine j(4).
-17
Let u(f) = 34*f**2 - 7846*f - 15691. Determine u(-2).
137
Let q(o) = o**3 - 110*o**2 - 246*o - 415. Give q(112).
-2879
Let w(q) = 6*q**2 - 993*q - 12697. Determine w(-12).
83
Let u(l) = -l**3 + 7*l**2 + 98*l - 517. Give u(5).
23
Let i(v) = -379*v - 181. What is i(-1)?
198
Let a(q) = 134*q + 4487. Give a(-33).
65
Let r(f) = 5950*f - 35787. Calculate r(6).
-87
Let n(f) = -f**3 - 4*f**2 - 619*f - 7268. Determine n(-10).
-478
Let g(m) = 2*m**2 + 3968*m + 27793. What is g(-7)?
115
Let t(y) = -211*y + 3556. Give t(17).
-31
Let t(z) = 233704*z - 1168526. Determine t(5).
-6
Let y(p) = 108*p**2 + 2*p - 1100. What is y(0)?
-1100
Let h(n) = -127*n**2 - 419*n - 120. What is h(-3)?
-6
Let z(q) = q**3 + 293*q**2 + 422*q - 46567. Give z(-291).
-7
Let h(y) = y**3 - 180*y**2 - 1315*y + 1115. Determine h(187).
-7
Let w(n) = 6607*n - 336211. What is w(51)?
746
Let t(n) = -1403*n + 166946. What is t(119)?
-11
Let u(y) = y**3 + 30*y**2 + 40*y + 40. What is u(-28)?
488
Let f(u) = -103*u**2 + 6384*u + 14. What is f(62)?
-110
Let q(s) = -25882*s + 1268125. Give q(49).
-93
Let l(i) = 39*i - 2375. Determine l(76).
589
Let r(t) = 17291*t - 103728. Determine r(6).
18
Let d(r) = -7*r**2 + 396*r - 4485. Calculate d(27).
1104
Let j(m) = -440*m + 26110. Determine j(60).
-290
Let m(n) = 27*n**3 - 3942*n**2 - 24*n + 3608. Give m(146).
104
Let l(q) = -1626*q - 7946. What is l(-5)?
184
Let p(j) = -9121*j + 164131. Give p(18).
-47
Let w(f) = 1475*f + 82573. Give w(-56).
-27
Let z(n) = -13*n + 2941. Determine z(239).
-166
Let v(c) = -555*c + 6992. What is v(6)?
3662
Let d(f) = 2*f**2 - 213*f + 5406. Give d(42).
-12
Let u(q) = -710*q + 926. Give u(3).
-1204
Let b(y) = y**2 + 38*y + 375. What is b(-24)?
39
Let a(m) = -221*m**3 - 4421*m**2 - 47*m - 536. Determine a(-20).
4
Let d(k) = -k**3 - 68*k**2 - 404*k + 1393. Calculate d(-61).
-10
Let z(w) = w**3 + 28*w**2 + 39*w - 42. Calculate z(-14).
2156
Let g(v) = v**3 + 16*v**2 - 26*v + 61. What is g(-18)?
-119
Let f(l) = l**3 + 11*l**2 - 78*l - 197. Give f(-16).
-229
Let c(u) = -809*u**3 + u**2 + 76*u - 77. What is c(1)?
-809
Let s(n) = 6052*n - 12000. Give s(2).
104
Let j(g) = -1246*g + 118349. Calculate j(95).
-21
Let s(w) = 29730*w + 29590. Calculate s(-1).
-140
Let c(b) = 227*b - 9819. What is c(43)?
-58
Let y(v) = -4627*v - 7539. Give y(-2).
1715
Let i(n) = -n**3 + 7*n**2 - 13*n - 33. What is i(6)?
-75
Let y(d) = 9947*d + 547080. Give y(-55).
-5
Let t(f) = 4*f**2 - 770*f + 17915. What is t(166)?
319
Let m(k) = 2125*k - 512112. What is m(241)?
13
Let d(t) = -t**2 + 102*t + 42281. Calculate d(-161).
-62
Let t(b) = -b**2 + 4319*b - 3272228. Calculate t(980).
-8
Let d(p) = -p**3 + 28*p**2 + 550*p - 15545. What is d(27)?
34
Let w(g) = -872*g - 270313. Calculate w(-310).
7
Let r(b) = 179*b**2 - 7521*b + 121. Calculate r(42).
-5
Let t(s) = -395*s**3 + s + 3. What is t(1)?
-391
Let h(m) = 13*m**3 - 4*m**2 + 47*m - 117. What is h(3)?
339
Let m(k) = -k**3 - 119*k**2 - 661*k - 64069. Give m(-118).
5
Let i(a) = -a**3 - 4*a**2 - 4098*a + 202. Determine i(0).
202
Let x(q) = q**2 + 84*q - 5710. Calculate x(-122).
-1074
Let a(f) = -8*f**3 + 230*f**2 - 115*f + 23. Determine a(27).
7124
Let j(y) = -293*y**2 - 128*y + 128. Determine j(1).
-293
Let o(k) = k**3 + 123*k**2 - 2481*k - 204226. What is o(-130)?
4
Let b(c) = c**3 - 51*c**2 + 194*c - 2139. Give b(48).
261
Let o(y) = -76*y**3 + 703*y**2 - 1407*y - 10. Give o(2).
-620
Let q(y) = 103*y**2 - 10492*y - 1415. Give q(102).
13
Let k(t) = -t**3 - 7*t**2 + 300*t + 73. Give k(0).
73
Let q(k) = -226*k - 11733. Give q(-50).
-433
Let w(o) = -8681*o + 590302. What is w(68)?
-6
Let o(v) = v**3 + 94*v**2 + 67*v - 17. Determine o(0).
-17
Let t(i) = 11*i**3 + 563*i**2 + 4267*i + 1046. What is t(-42)?
-4
Let w(s) = s**2 + 17